5 divide 765/(-34)*(-4)/3?
False
Let r(p) = -p**2 - 17*p - 28. Is r(-12) a multiple of 8?
True
Let o(k) = 5 + 6*k - k + k**2 - 2*k - 2*k. Does 4 divide o(0)?
False
Suppose -d - 2*d = 2*k + 1, -k - 2 = d. Suppose -5*c - 130 = -5*t, -2*c = t - d - 17. Does 12 divide t?
True
Let q(d) = -d**2 + 10*d - 7. Let a be q(5). Suppose -40 = -5*u - 5*f, 0 = -u + 2*u - f - a. Let b = u + -5. Does 8 divide b?
True
Does 9 divide 8/28 - 935/(-35)?
True
Let c be 5 + (6/(-2))/1. Suppose -20 = 5*g, -3*z - c*g + 55 = -0*g. Is 16 a factor of 2/3 - (-658)/z?
True
Suppose 0 = 2*s - 3*n - 136, -2*s - 3*s = -5*n - 350. Is 19 a factor of s?
False
Let p = -13 + 7. Let l(g) = 6*g**2 + 15*g - 5. Let r(k) = -4*k**2 - 10*k + 3. Let f(v) = -5*l(v) - 8*r(v). Is f(p) a multiple of 14?
False
Let h be 0/((0 - 4)/2). Suppose -4*l + 20 + h = 2*w, -5*w - 15 = -3*l. Suppose 3*g - 21 = -0*d - 3*d, l*d - 3*g - 27 = 0. Is 6 a factor of d?
True
Suppose -2*m - m - 15 = 0. Is 5 a factor of (1 + 2/(-1))*m?
True
Is -1*(2 + -2) + (16 - 1) a multiple of 2?
False
Let g(l) = 2*l**3 + l**2 + 2*l + 1. Let j be g(-1). Let c = j - -7. Is 2 a factor of c?
False
Let o = 89 - -76. Suppose 4*n + 0*l - 218 = 2*l, 3*n - 3*l = o. Does 18 divide n?
True
Let h(i) = 4*i**3 - 2*i**2 - 6*i + 3. Let f(p) = 0*p - p**2 - 3*p + 2 + 2*p**3 + 0*p**2. Let y(o) = -11*f(o) + 6*h(o). Is y(3) a multiple of 15?
False
Suppose 40 = 2*z - 28. Is z a multiple of 20?
False
Let a(o) = 39*o**3 + 2*o**2 - o + 1. Does 6 divide a(1)?
False
Is (-28 + 1 - 0)/(90/(-300)) a multiple of 10?
True
Let j = -27 + 35. Is j a multiple of 8?
True
Let n be (-3)/(9/(-128))*3. Suppose -4*y = 12, w = -3*w + 4*y + n. Is 15 a factor of w?
False
Suppose d + 98 = 3*d - l, d - 49 = 5*l. Does 9 divide d?
False
Let x(f) = -f**3 - 4*f**2 - 6*f + 3. Is 37 a factor of x(-6)?
True
Let f(g) = -15*g. Let m be f(6). Let s = m + 27. Does 2 divide (-6)/(-4) - s/18?
False
Let t(g) = -3*g**3 + 3*g**2 + 2*g. Let b = -5 - -3. Is t(b) a multiple of 8?
True
Let z be 2/4*42/7. Suppose z*g - 30 = 9. Does 5 divide g?
False
Suppose 0 = 2*x + 4, 4*x - 22 = 2*w - 0*w. Let s = 20 + w. Is s a multiple of 5?
True
Let y(w) = -w**3 - 9*w**2 + 11*w + 12. Let m be y(-10). Suppose 0 = -m*k - k + 57. Is 12 a factor of k?
False
Let a(o) = -o**3 - o**2 + 5. Let t be a(0). Suppose 8 = -m - t*q - 3, -2*m + 5*q = -53. Is m a multiple of 14?
True
Suppose -3*i + 2*i + 21 = 0. Is 7 a factor of i?
True
Suppose -225 = -7*k + 321. Is k a multiple of 13?
True
Let h(s) = s**3 + 9*s**2 + 4*s + 2. Is 19 a factor of h(-7)?
False
Is 74 a factor of (226 - 4)/((-12)/(-8))?
True
Let t(w) = -w**2 + 14*w - 8. Let z be t(10). Let b = z - 21. Let k = -7 + b. Is 4 a factor of k?
True
Suppose 9 = 3*x, 0*s - 4*x = -2*s + 118. Is 16 a factor of s?
False
Let s be 2 - (1 - 2 - 0). Suppose 0 = -0*g + s*g - 33. Is g a multiple of 11?
True
Let p = 7 + -25. Let q = p + 44. Is 2 + -2 + q*1 a multiple of 17?
False
Suppose -2*v - 22 = 20. Let q = 45 + v. Is q a multiple of 9?
False
Let m(s) = 2*s - 13. Let n(y) = y**2 + 3*y - 1. Let a be n(2). Let g be m(a). Suppose 0*x - x + 12 = -3*z, -5*x = -g*z - 40. Is x a multiple of 6?
True
Let n(p) be the first derivative of -p**4/4 + 5*p**3/3 - 2*p + 2. Let v be n(4). Is v*(2 - (-3)/(-2)) a multiple of 3?
False
Let x(f) = 2*f - 1. Let p(u) = -3*u**3 - u**2 - u - 1. Let k be p(-1). Let g be x(k). Suppose -5*n + 36 + 28 = 4*d, -21 = -g*d + 3*n. Does 7 divide d?
False
Suppose 5*b + 5 = 5*j, j - 5*b - 1 = -0*b. Is 5 a factor of (j/(-2))/((-2)/48)?
False
Let z = 27 - 13. Does 7 divide z?
True
Suppose -82 = 3*s - 6*s + j, 86 = 3*s - 5*j. Does 12 divide s?
False
Suppose 3 = 3*m - 6. Suppose -2*x - 3*t + 34 = t, m*t = -2*x + 29. Is 2 a factor of x?
False
Let p be 1/5 - (-588)/(-15). Is (0 - -1)/((-3)/p) a multiple of 11?
False
Suppose 84*t + 96 = 88*t. Does 6 divide t?
True
Let t = -6 + 8. Let k be 1*(-4)/14 - 96/56. Is k + 0/t + 22 a multiple of 10?
True
Let t = -34 - -104. Is 14 a factor of t?
True
Let g be 2/(-4) + 3/2. Is 4 a factor of g/(-4) - 260/(-16)?
True
Let g(d) = d**3 + d - 1. Let n(p) = 7*p**3 + 4*p**2 + 5*p - 6. Let z(y) = -6*g(y) + n(y). Does 12 divide z(-3)?
True
Is 35 a factor of 425/3 + (-8)/(-24)?
False
Let g = 298 - 171. Is g a multiple of 46?
False
Is (-7)/((25/(-5))/60) a multiple of 21?
True
Suppose -28 = -3*f - f. Suppose 3*i - f*i + 48 = 0. Is 12 a factor of i?
True
Suppose 0 = -3*k + 43 + 86. Suppose k = 4*f - 0*b + 3*b, 2*f + 3*b - 17 = 0. Does 10 divide f?
False
Let k(d) = 3*d + 13. Let r(i) = -i**3 + 6*i**2 + 9*i - 3. Let s be r(7). Is k(s) a multiple of 23?
True
Let a = -9 - -67. Let v be a/7 - 2/7. Suppose -v = n - 3*n. Does 3 divide n?
False
Let t(p) = 3*p + 1. Let g = 32 - 21. Does 17 divide t(g)?
True
Let h(z) = z**2 - 6*z + 3. Let x be h(7). Let p = x + -9. Is 7 a factor of 24 - (1 - (p - 2))?
False
Let a(n) be the first derivative of -3/2*n**2 + 2 + 1/3*n**3 + 4*n. Is 12 a factor of a(-4)?
False
Let p(d) = 0*d**2 + 0*d**2 + 2*d**2 + 6. Is 16 a factor of p(5)?
False
Suppose 7*i - 148 = 3*i. Is i a multiple of 22?
False
Let o(q) = 18*q. Is 6 a factor of o(4)?
True
Let c be (0/(4/(-2)))/2. Let z(p) = -p + p**2 - 2*p**2 + 39 - 5. Is 17 a factor of z(c)?
True
Let l(f) = -14*f - 1. Let r(k) = k + 7. Let u be r(-7). Suppose -h - 4 + 2 = u. Is 10 a factor of l(h)?
False
Suppose -3*v + 5*r + 0*r + 115 = 0, -4*v - 3*r = -163. Does 38 divide v?
False
Suppose -l + 12 = 5*d, 0 = 2*l + 4*d - 0*d - 12. Is 6 a factor of 20 + l + (-4)/2?
False
Suppose -x + y = -4*x + 50, 4*y = -4*x + 80. Is x a multiple of 7?
False
Suppose -4*o - a - 1 = 0, 3*o + a + 0*a + 2 = 0. Let d = o + 1. Is -1 + d - -17*1 a multiple of 9?
True
Let l = 87 + -63. Is l a multiple of 6?
True
Let d = -963 - -1955. Let c be (-2)/3 - d/6. Is c/(-6) + 2/6 a multiple of 11?
False
Let v(z) = z**3 + 5*z**2 - z - 7. Let n be v(-5). Does 7 divide 12 + 3/(-3)*n?
True
Let j(d) = d**3 - 7*d**2 - 7*d - 1. Let k(f) = f**2 - f + 4. Let i be k(0). Suppose i*l - 2*h = 26, 2 = -2*l + 5*h + 3. Is j(l) a multiple of 7?
True
Suppose 2*o - 2*c - 69 = 21, 4*o - 177 = c. Does 11 divide o?
True
Let v be ((-6)/(-5))/(4/10). Let y(o) = o**3 - o**2 + 4*o - 4. Does 13 divide y(v)?
True
Let n(v) = -3*v**3 + 2*v**2 - v - 1. Does 11 divide n(-2)?
True
Let u = 1 - -4. Suppose 1 = -m + 2. Suppose 20 = u*a + g, a + m = -3*g - 9. Is a a multiple of 5?
True
Does 3 divide ((-20)/(-12) + -2)*-18?
True
Suppose 0*y + y = -5, -5*d + y = -20. Suppose -6*n + 126 = -3*n + v, 4*v - 126 = -d*n. Does 14 divide n?
True
Let v(a) = -16*a - 12. Does 26 divide v(-4)?
True
Let f = 31 + 1. Does 10 divide f?
False
Let q(r) = 28*r + 1. Is q(2) a multiple of 8?
False
Let x(m) be the first derivative of m**3/3 - m**2/2 + 3*m - 5. Is 14 a factor of x(6)?
False
Suppose 3*h = 4*h - 2. Suppose -t - 3 = -h*t. Let j(k) = k**2 - 3*k + 4. Is 4 a factor of j(t)?
True
Let l = 306 + -159. Is 37 a factor of l?
False
Suppose -38 = -v + 3*r, 5*v = -10*r + 5*r + 170. Suppose 100 = 5*f - 5*x + v, -2*x - 2 = 0. Let j = 20 - f. Is 8 a factor of j?
True
Let r = -1 - -4. Suppose r*g + 27 = h, 211 = h + 4*h + 4*g. Is 18 a factor of h?
False
Let v(k) = -21*k + 14. Is 14 a factor of v(-10)?
True
Suppose 0*c - 4*c = 8. Let x be 3/c*(-2)/3. Does 10 divide (x + -11)/(-1 - 0)?
True
Suppose -r + 39 = -46. Does 29 divide r?
False
Suppose 0 = p + 1. Does 3 divide 87/15 - p/5?
True
Let v(i) be the third derivative of -i**6/120 + i**5/10 + 5*i**4/24 - 2*i**3/3 - 4*i**2. Let b be v(5). Suppose 6 = -4*u + b. Does 3 divide u?
False
Let i(r) = -r**3 - 7*r**2 - 10*r + 8. Is i(-5) a multiple of 4?
True
Let d be (150/9)/((-5)/(-15)). Let f = d - 12. Is 16 a factor of f?
False
Does 21 divide 42/9*(-27)/(-6)?
True
Suppose 95 = 2*f + 19. Is f a multiple of 7?
False
Suppose -5*m + 19 = -1. Let j(d) = d**3 - 4*d**2 + 4*d - 1. Is 6 a factor of j(m)?
False
Let r = -56 - -89. Is r a multiple of 12?
False
Let w be 118/3 - (-1)/(-3). Let m = 36 + -59. Let g = m + w. Is g a multiple of 13?
False
Suppose 153 = -2*l + 391. Is l a multiple of 6?
False
Suppose 0*p = 5*p - 15. Suppose p*d = -2*d + 3*m + 20, 2*d = 3*m - 1. Is d a multiple of 7?
True
Is 6 a factor of (6/3 - 3) + 9?
False
Let c be -5 + 271 - (1 + -2). Let p = -177 + c. Suppose 3*q = 3*u + 24, 5*q - u + 6*u = p. Does 11 divide q?
False
Suppos